{"id":6801,"date":"2023-11-30T14:58:19","date_gmt":"2023-11-30T14:58:19","guid":{"rendered":"https:\/\/newcesamex.com\/site\/?post_type=product&#038;p=6801"},"modified":"2023-12-13T14:50:11","modified_gmt":"2023-12-13T14:50:11","slug":"cether-l-adult-b-6-tablet","status":"publish","type":"product","link":"https:\/\/newcesamex.com\/site\/product\/cether-l-adult-b-6-tablet\/","title":{"rendered":"CETHER-L ADULT B\/6 TABLET"},"content":{"rendered":"<body><p>5-14(&lt;3), \u201c15-24(&gt;3-8)\u201d \u201c25-34(9-14)\u201d (&gt;35) Artemether 20 mg and Lumefantrine 120 mg<\/p>\n<\/body>","protected":false},"excerpt":{"rendered":"<p>COMPOSITION: EACH TABLET CONTAINS ART\u00c9M\u00c9THER 80 MG, LUM\u00c9FANTRINE 480 MG<\/p>\n<p>INDICATIONS: Uncomplicated malaria, \u2022 Chloroquine resistant malaria<\/p>\n","protected":false},"featured_media":7083,"comment_status":"open","ping_status":"closed","template":"","meta":{"om_disable_all_campaigns":false,"_monsterinsights_skip_tracking":false,"_monsterinsights_sitenote_active":false,"_monsterinsights_sitenote_note":"","_monsterinsights_sitenote_category":0},"product_brand":[],"product_cat":[85],"product_tag":[],"class_list":{"0":"post-6801","1":"product","2":"type-product","3":"status-publish","4":"has-post-thumbnail","6":"product_cat-antimalarial","8":"first","9":"instock","10":"taxable","11":"shipping-taxable","12":"product-type-external"},"aioseo_notices":[],"jetpack_sharing_enabled":true,"_links":{"self":[{"href":"https:\/\/newcesamex.com\/site\/wp-json\/wp\/v2\/product\/6801","targetHints":{"allow":["GET"]}}],"collection":[{"href":"https:\/\/newcesamex.com\/site\/wp-json\/wp\/v2\/product"}],"about":[{"href":"https:\/\/newcesamex.com\/site\/wp-json\/wp\/v2\/types\/product"}],"replies":[{"embeddable":true,"href":"https:\/\/newcesamex.com\/site\/wp-json\/wp\/v2\/comments?post=6801"}],"wp:featuredmedia":[{"embeddable":true,"href":"https:\/\/newcesamex.com\/site\/wp-json\/wp\/v2\/media\/7083"}],"wp:attachment":[{"href":"https:\/\/newcesamex.com\/site\/wp-json\/wp\/v2\/media?parent=6801"}],"wp:term":[{"taxonomy":"product_brand","embeddable":true,"href":"https:\/\/newcesamex.com\/site\/wp-json\/wp\/v2\/product_brand?post=6801"},{"taxonomy":"product_cat","embeddable":true,"href":"https:\/\/newcesamex.com\/site\/wp-json\/wp\/v2\/product_cat?post=6801"},{"taxonomy":"product_tag","embeddable":true,"href":"https:\/\/newcesamex.com\/site\/wp-json\/wp\/v2\/product_tag?post=6801"}],"curies":[{"name":"wp","href":"https:\/\/api.w.org\/{rel}","templated":true}]}}